{"id":368,"date":"2016-05-04T15:55:29","date_gmt":"2016-05-04T13:55:29","guid":{"rendered":"http:\/\/www.wanderfreunde-triebeltal.de\/?page_id=368"},"modified":"2026-03-01T19:03:45","modified_gmt":"2026-03-01T18:03:45","slug":"unterstuetzer-2","status":"publish","type":"page","link":"https:\/\/www.wanderfreunde-triebeltal.de\/index.php\/unterstuetzer-2\/","title":{"rendered":"Unterst\u00fctzer"},"content":{"rendered":"<p>[et_pb_section bb_built=&#8220;1&#8243; fullwidth=&#8220;on&#8220; specialty=&#8220;off&#8220;][et_pb_fullwidth_header title=&#8220;Es ist sch\u00f6n diese Freunde zu haben &#8230;&#8220; background_layout=&#8220;dark&#8220; text_orientation=&#8220;center&#8220; header_fullscreen=&#8220;off&#8220; header_scroll_down=&#8220;off&#8220; background_url=&#8220;https:\/\/www.wanderfreunde-triebeltal.de\/wp-content\/uploads\/2016\/05\/2005-18.jpg&#8220; parallax=&#8220;off&#8220; parallax_method=&#8220;off&#8220; content_orientation=&#8220;center&#8220; image_orientation=&#8220;center&#8220; title_font=&#8220;|on|||&#8220; title_font_size=&#8220;26px&#8220; custom_button_one=&#8220;off&#8220; button_one_letter_spacing=&#8220;0&#8243; button_one_use_icon=&#8220;default&#8220; button_one_icon_placement=&#8220;right&#8220; button_one_on_hover=&#8220;on&#8220; button_one_letter_spacing_hover=&#8220;0&#8243; custom_button_two=&#8220;off&#8220; button_two_letter_spacing=&#8220;0&#8243; button_two_use_icon=&#8220;default&#8220; button_two_icon_placement=&#8220;right&#8220; button_two_on_hover=&#8220;on&#8220; button_two_letter_spacing_hover=&#8220;0&#8243; background_image=&#8220;https:\/\/www.wanderfreunde-triebeltal.de\/wp-content\/uploads\/2016\/05\/2005-18.jpg&#8220;]<\/p>\n<p>&nbsp;<\/p>\n<p>[\/et_pb_fullwidth_header][\/et_pb_section][et_pb_section bb_built=&#8220;1&#8243; admin_label=&#8220;section&#8220;][et_pb_row admin_label=&#8220;row&#8220; background_position=&#8220;top_left&#8220; background_repeat=&#8220;repeat&#8220; background_size=&#8220;initial&#8220;][et_pb_column type=&#8220;1_2&#8243;][et_pb_blurb title=&#8220;Freunde und Unterst\u00fctzer&#8220; url_new_window=&#8220;off&#8220; use_icon=&#8220;off&#8220; use_circle=&#8220;off&#8220; use_circle_border=&#8220;off&#8220; icon_placement=&#8220;top&#8220; background_layout=&#8220;light&#8220; use_icon_font_size=&#8220;off&#8220; use_border_color=&#8220;off&#8220; background_position=&#8220;top_left&#8220; background_repeat=&#8220;repeat&#8220; background_size=&#8220;initial&#8220; _builder_version=&#8220;3.0.92&#8243;]<\/p>\n<p>\u00dcber 35 Jahre hinweg organisiert unser Verein mit der Unterst\u00fctzung unserer Sponsoren, Freunde und nicht zuletzt der Tourismusvereine eine der bedeutendsten Wanderungen hier im Vogtland. An dieser Stelle m\u00f6chten wir uns ganz herzlich f\u00fcr die Unterst\u00fctzung bedanken.<\/p>\n<p>[\/et_pb_blurb][et_pb_image src=&#8220;https:\/\/www.wanderfreunde-triebeltal.de\/wp-content\/uploads\/2016\/05\/vgwv.png&#8220; alt=&#8220;Vogtl\u00e4ndischer Gebirgs- und Wanderverein&#8220; title_text=&#8220;VGWV&#8220; show_in_lightbox=&#8220;off&#8220; url=&#8220;http:\/\/www.vogtlandwandern.de&#8220; url_new_window=&#8220;on&#8220; use_overlay=&#8220;off&#8220; animation=&#8220;fade_in&#8220; sticky=&#8220;off&#8220; align=&#8220;left&#8220; force_fullwidth=&#8220;off&#8220; always_center_on_mobile=&#8220;on&#8220; use_border_color=&#8220;off&#8220; border_color=&#8220;#ffffff&#8220; border_style=&#8220;solid&#8220; animation_style=&#8220;fade&#8220; animation_duration=&#8220;500ms&#8220; animation_intensity_slide=&#8220;10%&#8220; animation_direction=&#8220;center&#8220; show_bottom_space=&#8220;on&#8220; _builder_version=&#8220;3.0.92&#8243;]<\/p>\n<p>&nbsp;<\/p>\n<p>[\/et_pb_image][et_pb_blurb title=&#8220;Unsere Sponsoren 2025&#8243; url=&#8220;https:\/\/www.wanderfreunde-triebeltal.de\/wp-content\/uploads\/2016\/08\/Unsere-Sponsoren-2016.doc&#8220; url_new_window=&#8220;off&#8220; use_icon=&#8220;off&#8220; use_circle=&#8220;off&#8220; use_circle_border=&#8220;off&#8220; icon_placement=&#8220;top&#8220; background_layout=&#8220;light&#8220; use_icon_font_size=&#8220;off&#8220; use_border_color=&#8220;off&#8220; background_position=&#8220;top_left&#8220; background_repeat=&#8220;repeat&#8220; background_size=&#8220;initial&#8220; _builder_version=&#8220;3.0.92&#8243; max_width_tablet=&#8220;50px&#8220; header_font_size=&#8220;21&#8243; body_font_size=&#8220;18&#8243;]<\/p>\n<p>&nbsp;<\/p>\n<h5><strong><span style=\"color: #000000;\">Den Sponsoren und Unterst\u00fctzern der 43. Triebeltalwanderung gilt unser herzlicher Dank<\/span><\/strong><\/h5>\n<p>&nbsp;<\/p>\n<ul>\n<li><span style=\"color: #000000;\">Adler-Druck Bad Elster<\/span><\/li>\n<li><span style=\"color: #000000;\">Architekturb\u00fcro Jens Taubert&nbsp; Planschwitz<\/span><\/li>\n<li><span style=\"color: #000000;\">Architekturb\u00fcro H. Raduchel Ellefeld<\/span><\/li>\n<li><span style=\"color: #000000;\">Auto Enders Oelsnitz<\/span><\/li>\n<li><span style=\"color: #000000;\">Autolackiererei Prager Oelsnitz<\/span><\/li>\n<li><span style=\"color: #000000;\">BANG Kransysteme Oelsnitz<\/span><\/li>\n<li><span style=\"color: #000000;\">Basan GmbH Oelsnitz<\/span><\/li>\n<li><span style=\"color: #000000;\">Buchhandlung am Markt Oelsnitz<\/span><\/li>\n<li><span style=\"color: #000000;\">Camp-Markt Plauen<\/span><\/li>\n<li><span style=\"color: #000000;\">DDM Andy Bromnitz R\u00f6\u00dfnitz<\/span><\/li>\n<li><span style=\"color: #000000;\">DDM Daniel R\u00f6del Bobenneukirchen<\/span><\/li>\n<li><span style=\"color: #000000;\">Dotzauer Industrielackierung&nbsp; Oelsnitz<\/span><\/li>\n<li><span style=\"color: #000000;\">EHG Oelsnitz<\/span><\/li>\n<li><span style=\"color: #000000;\">ESGO Oelsnitz<\/span><\/li>\n<li><span style=\"color: #000000;\">ESPU Bau Tiefenbrunn<\/span><\/li>\n<li><span style=\"color: #000000;\">FFW Triebel<\/span><\/li>\n<li><span style=\"color: #000000;\">Fischerei Wirtschafts Betrieb&nbsp; Ch. Gro\u00df Triebel<\/span><\/li>\n<li><span style=\"color: #000000;\">Forst- und Gartentechnik Jacob Tirpersdorf<\/span><\/li>\n<li><span style=\"color: #000000;\">G\u00e4rtnerei Tr\u00f6ltzsch Oelsnitz<\/span><\/li>\n<li><span style=\"color: #000000;\">Gemeinde Triebel<\/span><\/li>\n<li><span style=\"color: #000000;\">Geoportal des Vogtlandkreises<\/span><\/li>\n<li><span style=\"color: #000000;\">Globus Weischlitz<\/span><\/li>\n<li><span style=\"color: #000000;\">Halbmond Teppichwerke&nbsp; GmbH Oelsnitz<\/span><\/li>\n<li><span style=\"color: #000000;\">Heimwerkerbedarf Ritter&nbsp; Oelsnitz<\/span><\/li>\n<li><span style=\"color: #000000;\">Alfred St\u00f6\u00df Posseck<\/span><\/li>\n<li><span style=\"color: #000000;\">Hofgut Eichigt<\/span><\/li>\n<li><span style=\"color: #000000;\">Kai Fetzer Sanit\u00e4rtechnik Triebel<\/span><\/li>\n<li><span style=\"color: #000000;\">KAISER HOLZ Oelsnitz<\/span><\/li>\n<li><span style=\"color: #000000;\">KFZ \u2013 SERWAS Regnitzlosau&nbsp; und Triebel<\/span><\/li>\n<li><span style=\"color: #000000;\">Klempner und Installateur&nbsp; GmbH Oelsnitz<\/span><\/li>\n<li><span style=\"color: #000000;\">Kreissportbund Vogtland<\/span><\/li>\n<li><span style=\"color: #000000;\">Landgasthof S\u00fc\u00dfebach<\/span><\/li>\n<li><span style=\"color: #000000;\">LRA Vogtlandkreis \/ Kultur u. Sport<\/span><\/li>\n<li><span style=\"color: #000000;\">Malermeister Harald Hegner Gro\u00dffriesen<\/span><\/li>\n<li><span style=\"color: #000000;\">Markt-Apotheke Oelsnitz<\/span><\/li>\n<li><span style=\"color: #000000;\">Maurermeister Silvio Liebender&nbsp; Oelsnitz<\/span><\/li>\n<li><span style=\"color: #000000;\">Metallbau Z\u00f6phel Oelsnitz<\/span><\/li>\n<li><span style=\"color: #000000;\">Mobiles S\u00e4gewerk Eichigt<\/span><\/li>\n<li><span style=\"color: #000000;\">Morgner Heizung-B\u00e4der-Dach&nbsp; Oelsnitz<\/span><\/li>\n<li><span style=\"color: #000000;\">Motorrad Ke\u00dfler Oelsnitz<\/span><\/li>\n<li><span style=\"color: #000000;\">optik GRUSCHWITZ Oelsnitz<\/span><\/li>\n<li><span style=\"color: #000000;\">Paulus Dach-Baustoffe Oelsnitz<\/span><\/li>\n<li><span style=\"color: #000000;\">PENZEL-METALL Triebel<\/span><\/li>\n<li><span style=\"color: #000000;\">Pro Bike Frieder J\u00e4ckel Oelsnitz<\/span><\/li>\n<li><span style=\"color: #000000;\">rh-Elektrotechnik Triebel<\/span><\/li>\n<li><span style=\"color: #000000;\">RHG Baucentrum Sch\u00f6neck\/Oelsnitz<\/span><\/li>\n<li><span style=\"color: #000000;\">Sparkasse Vogtland<\/span><\/li>\n<li><span style=\"color: #000000;\">Stadtwerke Oelsnitz<\/span><\/li>\n<li><span style=\"color: #000000;\">Steinmetz Michael Ballmann&nbsp; Oelsnitz<\/span><\/li>\n<li><span style=\"color: #000000;\">Sternquell-Brauerei Plauen<\/span><\/li>\n<li><span style=\"color: #000000;\">UTR Sch\u00f6nbrunn<\/span><\/li>\n<li><span style=\"color: #000000;\">Wander Physiotherapie Triebel<\/span><\/li>\n<li><span style=\"color: #000000;\">Zimmerei Menke &amp; Pilz Eichigt<\/span><\/li>\n<li><span style=\"color: #000000;\">Zineker &amp; Uebel Dachtechnik&nbsp; Triebel<\/span><\/li>\n<li><span style=\"color: #000000;\">Zoo- und Angelcenter Oelsnitz<\/span><\/li>\n<\/ul>\n<p>&nbsp;<\/p>\n<p>&nbsp;<\/p>\n<p>&nbsp;<\/p>\n<p>&nbsp;<\/p>\n<p>&nbsp;<\/p>\n<p>&nbsp;<\/p>\n<p>&nbsp;<\/p>\n<p>&nbsp;<\/p>\n<p>&nbsp;<\/p>\n<p>&nbsp;<\/p>\n<p>&nbsp;<\/p>\n<p>&nbsp;<\/p>\n<p>&nbsp;<\/p>\n<p>&nbsp;<\/p>\n<p>[\/et_pb_blurb][\/et_pb_column][et_pb_column type=&#8220;1_2&#8243;][et_pb_divider color=&#8220;#ffffff&#8220; show_divider=&#8220;off&#8220; height=&#8220;100&#8243; divider_style=&#8220;solid&#8220; divider_position=&#8220;top&#8220; hide_on_mobile=&#8220;on&#8220; disabled_on=&#8220;on|on|off&#8220;]<\/p>\n<p>&nbsp;<\/p>\n<p>[\/et_pb_divider][\/et_pb_column][\/et_pb_row][\/et_pb_section]<\/p>\n","protected":false},"excerpt":{"rendered":"<p>[et_pb_section bb_built=&#8220;1&#8243; fullwidth=&#8220;on&#8220; specialty=&#8220;off&#8220;][et_pb_fullwidth_header title=&#8220;Es ist sch\u00f6n diese Freunde zu haben &#8230;&#8220; background_layout=&#8220;dark&#8220; text_orientation=&#8220;center&#8220; header_fullscreen=&#8220;off&#8220; header_scroll_down=&#8220;off&#8220; background_url=&#8220;https:\/\/www.wanderfreunde-triebeltal.de\/wp-content\/uploads\/2016\/05\/2005-18.jpg&#8220; parallax=&#8220;off&#8220; parallax_method=&#8220;off&#8220; content_orientation=&#8220;center&#8220; image_orientation=&#8220;center&#8220; title_font=&#8220;|on|||&#8220; title_font_size=&#8220;26px&#8220; custom_button_one=&#8220;off&#8220; button_one_letter_spacing=&#8220;0&#8243; button_one_use_icon=&#8220;default&#8220; button_one_icon_placement=&#8220;right&#8220; button_one_on_hover=&#8220;on&#8220; button_one_letter_spacing_hover=&#8220;0&#8243; custom_button_two=&#8220;off&#8220; button_two_letter_spacing=&#8220;0&#8243; button_two_use_icon=&#8220;default&#8220; button_two_icon_placement=&#8220;right&#8220; button_two_on_hover=&#8220;on&#8220; button_two_letter_spacing_hover=&#8220;0&#8243; background_image=&#8220;https:\/\/www.wanderfreunde-triebeltal.de\/wp-content\/uploads\/2016\/05\/2005-18.jpg&#8220;] &nbsp; [\/et_pb_fullwidth_header][\/et_pb_section][et_pb_section bb_built=&#8220;1&#8243; admin_label=&#8220;section&#8220;][et_pb_row admin_label=&#8220;row&#8220; background_position=&#8220;top_left&#8220; background_repeat=&#8220;repeat&#8220; background_size=&#8220;initial&#8220;][et_pb_column type=&#8220;1_2&#8243;][et_pb_blurb title=&#8220;Freunde und Unterst\u00fctzer&#8220; url_new_window=&#8220;off&#8220; use_icon=&#8220;off&#8220; use_circle=&#8220;off&#8220; use_circle_border=&#8220;off&#8220; icon_placement=&#8220;top&#8220; background_layout=&#8220;light&#8220; use_icon_font_size=&#8220;off&#8220; [&hellip;]<\/p>\n","protected":false},"author":1,"featured_media":0,"parent":0,"menu_order":0,"comment_status":"closed","ping_status":"closed","template":"","meta":{"ngg_post_thumbnail":0,"footnotes":""},"class_list":["post-368","page","type-page","status-publish","hentry"],"_links":{"self":[{"href":"https:\/\/www.wanderfreunde-triebeltal.de\/index.php\/wp-json\/wp\/v2\/pages\/368","targetHints":{"allow":["GET"]}}],"collection":[{"href":"https:\/\/www.wanderfreunde-triebeltal.de\/index.php\/wp-json\/wp\/v2\/pages"}],"about":[{"href":"https:\/\/www.wanderfreunde-triebeltal.de\/index.php\/wp-json\/wp\/v2\/types\/page"}],"author":[{"embeddable":true,"href":"https:\/\/www.wanderfreunde-triebeltal.de\/index.php\/wp-json\/wp\/v2\/users\/1"}],"replies":[{"embeddable":true,"href":"https:\/\/www.wanderfreunde-triebeltal.de\/index.php\/wp-json\/wp\/v2\/comments?post=368"}],"version-history":[{"count":16,"href":"https:\/\/www.wanderfreunde-triebeltal.de\/index.php\/wp-json\/wp\/v2\/pages\/368\/revisions"}],"predecessor-version":[{"id":10169,"href":"https:\/\/www.wanderfreunde-triebeltal.de\/index.php\/wp-json\/wp\/v2\/pages\/368\/revisions\/10169"}],"wp:attachment":[{"href":"https:\/\/www.wanderfreunde-triebeltal.de\/index.php\/wp-json\/wp\/v2\/media?parent=368"}],"curies":[{"name":"wp","href":"https:\/\/api.w.org\/{rel}","templated":true}]}}

Unterstützer

<p>[et_pb_section bb_built=&#8220;1&#8243; fullwidth=&#8220;on&#8220; specialty=&#8220;off&#8220;][et_pb_fullwidth_header title=&#8220;Es ist schön diese Freunde zu haben &#8230;&#8220; background_layout=&#8220;dark&#8220; text_orientation=&#8220;center&#8220; header_fullscreen=&#8220;off&#8220; header_scroll_down=&#8220;off&#8220; background_url=&#8220;https://www.wanderfreunde-triebeltal.de/wp-content/uploads/2016/05/2005-18.jpg&#8220; parallax=&#8220;off&#8220; parallax_method=&#8220;off&#8220; content_orientation=&#8220;center&#8220; image_orientation=&#8220;center&#8220; title_font=&#8220;|on|||&#8220; title_font_size=&#8220;26px&#8220; custom_button_one=&#8220;off&#8220; button_one_letter_spacing=&#8220;0&#8243; button_one_use_icon=&#8220;default&#8220; button_one_icon_placement=&#8220;right&#8220; button_one_on_hover=&#8220;on&#8220; button_one_letter_spacing_hover=&#8220;0&#8243; custom_button_two=&#8220;off&#8220; button_two_letter_spacing=&#8220;0&#8243; button_two_use_icon=&#8220;default&#8220; button_two_icon_placement=&#8220;right&#8220; button_two_on_hover=&#8220;on&#8220; button_two_letter_spacing_hover=&#8220;0&#8243; background_image=&#8220;https://www.wanderfreunde-triebeltal.de/wp-content/uploads/2016/05/2005-18.jpg&#8220;]</p>
<p>&nbsp;</p>
<p>[/et_pb_fullwidth_header][/et_pb_section][et_pb_section bb_built=&#8220;1&#8243; admin_label=&#8220;section&#8220;][et_pb_row admin_label=&#8220;row&#8220; background_position=&#8220;top_left&#8220; background_repeat=&#8220;repeat&#8220; background_size=&#8220;initial&#8220;][et_pb_column type=&#8220;1_2&#8243;][et_pb_blurb title=&#8220;Freunde und Unterstützer&#8220; url_new_window=&#8220;off&#8220; use_icon=&#8220;off&#8220; use_circle=&#8220;off&#8220; use_circle_border=&#8220;off&#8220; icon_placement=&#8220;top&#8220; background_layout=&#8220;light&#8220; use_icon_font_size=&#8220;off&#8220; use_border_color=&#8220;off&#8220; background_position=&#8220;top_left&#8220; background_repeat=&#8220;repeat&#8220; background_size=&#8220;initial&#8220; _builder_version=&#8220;3.0.92&#8243;]</p>
<p>Über 35 Jahre hinweg organisiert unser Verein mit der Unterstützung unserer Sponsoren, Freunde und nicht zuletzt der Tourismusvereine eine der bedeutendsten Wanderungen hier im Vogtland. An dieser Stelle möchten wir uns ganz herzlich für die Unterstützung bedanken.</p>
<p>[/et_pb_blurb][et_pb_image src=&#8220;https://www.wanderfreunde-triebeltal.de/wp-content/uploads/2016/05/vgwv.png&#8220; alt=&#8220;Vogtländischer Gebirgs- und Wanderverein&#8220; title_text=&#8220;VGWV&#8220; show_in_lightbox=&#8220;off&#8220; url=&#8220;http://www.vogtlandwandern.de&#8220; url_new_window=&#8220;on&#8220; use_overlay=&#8220;off&#8220; animation=&#8220;fade_in&#8220; sticky=&#8220;off&#8220; align=&#8220;left&#8220; force_fullwidth=&#8220;off&#8220; always_center_on_mobile=&#8220;on&#8220; use_border_color=&#8220;off&#8220; border_color=&#8220;#ffffff&#8220; border_style=&#8220;solid&#8220; animation_style=&#8220;fade&#8220; animation_duration=&#8220;500ms&#8220; animation_intensity_slide=&#8220;10%&#8220; animation_direction=&#8220;center&#8220; show_bottom_space=&#8220;on&#8220; _builder_version=&#8220;3.0.92&#8243;]</p>
<p>&nbsp;</p>
<p>[/et_pb_image][et_pb_blurb title=&#8220;Unsere Sponsoren 2025&#8243; url=&#8220;https://www.wanderfreunde-triebeltal.de/wp-content/uploads/2016/08/Unsere-Sponsoren-2016.doc&#8220; url_new_window=&#8220;off&#8220; use_icon=&#8220;off&#8220; use_circle=&#8220;off&#8220; use_circle_border=&#8220;off&#8220; icon_placement=&#8220;top&#8220; background_layout=&#8220;light&#8220; use_icon_font_size=&#8220;off&#8220; use_border_color=&#8220;off&#8220; background_position=&#8220;top_left&#8220; background_repeat=&#8220;repeat&#8220; background_size=&#8220;initial&#8220; _builder_version=&#8220;3.0.92&#8243; max_width_tablet=&#8220;50px&#8220; header_font_size=&#8220;21&#8243; body_font_size=&#8220;18&#8243;]</p>
<p>&nbsp;</p>
<h5><strong><span style="color: #000000;">Den Sponsoren und Unterstützern der 43. Triebeltalwanderung gilt unser herzlicher Dank</span></strong></h5>
<p>&nbsp;</p>
<ul>
<li><span style="color: #000000;">Adler-Druck Bad Elster</span></li>
<li><span style="color: #000000;">Architekturbüro Jens Taubert&nbsp; Planschwitz</span></li>
<li><span style="color: #000000;">Architekturbüro H. Raduchel Ellefeld</span></li>
<li><span style="color: #000000;">Auto Enders Oelsnitz</span></li>
<li><span style="color: #000000;">Autolackiererei Prager Oelsnitz</span></li>
<li><span style="color: #000000;">BANG Kransysteme Oelsnitz</span></li>
<li><span style="color: #000000;">Basan GmbH Oelsnitz</span></li>
<li><span style="color: #000000;">Buchhandlung am Markt Oelsnitz</span></li>
<li><span style="color: #000000;">Camp-Markt Plauen</span></li>
<li><span style="color: #000000;">DDM Andy Bromnitz Rößnitz</span></li>
<li><span style="color: #000000;">DDM Daniel Rödel Bobenneukirchen</span></li>
<li><span style="color: #000000;">Dotzauer Industrielackierung&nbsp; Oelsnitz</span></li>
<li><span style="color: #000000;">EHG Oelsnitz</span></li>
<li><span style="color: #000000;">ESGO Oelsnitz</span></li>
<li><span style="color: #000000;">ESPU Bau Tiefenbrunn</span></li>
<li><span style="color: #000000;">FFW Triebel</span></li>
<li><span style="color: #000000;">Fischerei Wirtschafts Betrieb&nbsp; Ch. Groß Triebel</span></li>
<li><span style="color: #000000;">Forst- und Gartentechnik Jacob Tirpersdorf</span></li>
<li><span style="color: #000000;">Gärtnerei Tröltzsch Oelsnitz</span></li>
<li><span style="color: #000000;">Gemeinde Triebel</span></li>
<li><span style="color: #000000;">Geoportal des Vogtlandkreises</span></li>
<li><span style="color: #000000;">Globus Weischlitz</span></li>
<li><span style="color: #000000;">Halbmond Teppichwerke&nbsp; GmbH Oelsnitz</span></li>
<li><span style="color: #000000;">Heimwerkerbedarf Ritter&nbsp; Oelsnitz</span></li>
<li><span style="color: #000000;">Alfred Stöß Posseck</span></li>
<li><span style="color: #000000;">Hofgut Eichigt</span></li>
<li><span style="color: #000000;">Kai Fetzer Sanitärtechnik Triebel</span></li>
<li><span style="color: #000000;">KAISER HOLZ Oelsnitz</span></li>
<li><span style="color: #000000;">KFZ – SERWAS Regnitzlosau&nbsp; und Triebel</span></li>
<li><span style="color: #000000;">Klempner und Installateur&nbsp; GmbH Oelsnitz</span></li>
<li><span style="color: #000000;">Kreissportbund Vogtland</span></li>
<li><span style="color: #000000;">Landgasthof Süßebach</span></li>
<li><span style="color: #000000;">LRA Vogtlandkreis / Kultur u. Sport</span></li>
<li><span style="color: #000000;">Malermeister Harald Hegner Großfriesen</span></li>
<li><span style="color: #000000;">Markt-Apotheke Oelsnitz</span></li>
<li><span style="color: #000000;">Maurermeister Silvio Liebender&nbsp; Oelsnitz</span></li>
<li><span style="color: #000000;">Metallbau Zöphel Oelsnitz</span></li>
<li><span style="color: #000000;">Mobiles Sägewerk Eichigt</span></li>
<li><span style="color: #000000;">Morgner Heizung-Bäder-Dach&nbsp; Oelsnitz</span></li>
<li><span style="color: #000000;">Motorrad Keßler Oelsnitz</span></li>
<li><span style="color: #000000;">optik GRUSCHWITZ Oelsnitz</span></li>
<li><span style="color: #000000;">Paulus Dach-Baustoffe Oelsnitz</span></li>
<li><span style="color: #000000;">PENZEL-METALL Triebel</span></li>
<li><span style="color: #000000;">Pro Bike Frieder Jäckel Oelsnitz</span></li>
<li><span style="color: #000000;">rh-Elektrotechnik Triebel</span></li>
<li><span style="color: #000000;">RHG Baucentrum Schöneck/Oelsnitz</span></li>
<li><span style="color: #000000;">Sparkasse Vogtland</span></li>
<li><span style="color: #000000;">Stadtwerke Oelsnitz</span></li>
<li><span style="color: #000000;">Steinmetz Michael Ballmann&nbsp; Oelsnitz</span></li>
<li><span style="color: #000000;">Sternquell-Brauerei Plauen</span></li>
<li><span style="color: #000000;">UTR Schönbrunn</span></li>
<li><span style="color: #000000;">Wander Physiotherapie Triebel</span></li>
<li><span style="color: #000000;">Zimmerei Menke &amp; Pilz Eichigt</span></li>
<li><span style="color: #000000;">Zineker &amp; Uebel Dachtechnik&nbsp; Triebel</span></li>
<li><span style="color: #000000;">Zoo- und Angelcenter Oelsnitz</span></li>
</ul>
<p>&nbsp;</p>
<p>&nbsp;</p>
<p>&nbsp;</p>
<p>&nbsp;</p>
<p>&nbsp;</p>
<p>&nbsp;</p>
<p>&nbsp;</p>
<p>&nbsp;</p>
<p>&nbsp;</p>
<p>&nbsp;</p>
<p>&nbsp;</p>
<p>&nbsp;</p>
<p>&nbsp;</p>
<p>&nbsp;</p>
<p>[/et_pb_blurb][/et_pb_column][et_pb_column type=&#8220;1_2&#8243;][et_pb_divider color=&#8220;#ffffff&#8220; show_divider=&#8220;off&#8220; height=&#8220;100&#8243; divider_style=&#8220;solid&#8220; divider_position=&#8220;top&#8220; hide_on_mobile=&#8220;on&#8220; disabled_on=&#8220;on|on|off&#8220;]</p>
<p>&nbsp;</p>
<p>[/et_pb_divider][/et_pb_column][/et_pb_row][/et_pb_section]</p>

<p>[et_pb_section bb_built=&#8220;1&#8243; fullwidth=&#8220;on&#8220; specialty=&#8220;off&#8220;][et_pb_fullwidth_header title=&#8220;Es ist schön diese Freunde zu haben &#8230;&#8220; background_layout=&#8220;dark&#8220; text_orientation=&#8220;center&#8220; header_fullscreen=&#8220;off&#8220; header_scroll_down=&#8220;off&#8220; background_url=&#8220;https://www.wanderfreunde-triebeltal.de/wp-content/uploads/2016/05/2005-18.jpg&#8220; parallax=&#8220;off&#8220; parallax_method=&#8220;off&#8220; content_orientation=&#8220;center&#8220; image_orientation=&#8220;center&#8220; title_font=&#8220;|on|||&#8220; title_font_size=&#8220;26px&#8220; custom_button_one=&#8220;off&#8220; button_one_letter_spacing=&#8220;0&#8243; button_one_use_icon=&#8220;default&#8220; button_one_icon_placement=&#8220;right&#8220; button_one_on_hover=&#8220;on&#8220; button_one_letter_spacing_hover=&#8220;0&#8243; custom_button_two=&#8220;off&#8220; button_two_letter_spacing=&#8220;0&#8243; button_two_use_icon=&#8220;default&#8220; button_two_icon_placement=&#8220;right&#8220; button_two_on_hover=&#8220;on&#8220; button_two_letter_spacing_hover=&#8220;0&#8243; background_image=&#8220;https://www.wanderfreunde-triebeltal.de/wp-content/uploads/2016/05/2005-18.jpg&#8220;] &nbsp; [/et_pb_fullwidth_header][/et_pb_section][et_pb_section bb_built=&#8220;1&#8243; admin_label=&#8220;section&#8220;][et_pb_row admin_label=&#8220;row&#8220; background_position=&#8220;top_left&#8220; background_repeat=&#8220;repeat&#8220; background_size=&#8220;initial&#8220;][et_pb_column type=&#8220;1_2&#8243;][et_pb_blurb title=&#8220;Freunde und Unterstützer&#8220; url_new_window=&#8220;off&#8220; use_icon=&#8220;off&#8220; use_circle=&#8220;off&#8220; use_circle_border=&#8220;off&#8220; icon_placement=&#8220;top&#8220; background_layout=&#8220;light&#8220; use_icon_font_size=&#8220;off&#8220; [&hellip;]</p>
