{"id":8804,"date":"2025-01-06T11:30:36","date_gmt":"2025-01-06T10:30:36","guid":{"rendered":"https:\/\/www.wanderfreunde-triebeltal.de\/?post_type=event&#038;p=8804"},"modified":"2025-01-06T11:30:36","modified_gmt":"2025-01-06T10:30:36","slug":"ochsenkopf-winterwandertage-2025","status":"publish","type":"event","link":"https:\/\/www.wanderfreunde-triebeltal.de\/index.php\/event\/ochsenkopf-winterwandertage-2025\/","title":{"rendered":"Ochsenkopf Winterwandertage 2025"},"content":{"rendered":"<p>B43 \u2013 \u201eWinterwanderung zur Ochsenkopfschanze\u201c mit F\u00fchrung<\/p>\n<p>Treff : Triebel um 12:30 Uhr am Kulturhaus, Bildung von <br \/>Fahrgemeinschaften, gemeinsame Anfahrt,&nbsp;<\/p>\n<p>Start &#8211; Ort: Tourist-Information <br \/>95493 Bischofsgr\u00fcn J\u00e4gerstr. 9<\/p>\n<p>Strecke: ca. 4 km<\/p>\n<p>Beginn: 14:00 bis ca. 16:00Uhr<\/p>\n<p>Verantw.: Frieder Heinz <\/p>\n<p>Navi: 95493 Bischofsgr\u00fcn, J\u00e4gerstra\u00dfe<\/p>\n","protected":false},"excerpt":{"rendered":"<p>B43 \u2013 \u201eWinterwanderung zur Ochsenkopfschanze\u201c mit F\u00fchrung Treff : Triebel um 12:30 Uhr am Kulturhaus, Bildung von Fahrgemeinschaften, gemeinsame Anfahrt,&nbsp; Start &#8211; Ort: Tourist-Information 95493 Bischofsgr\u00fcn J\u00e4gerstr. 9 Strecke: ca. 4 km Beginn: 14:00 bis ca. 16:00Uhr Verantw.: Frieder Heinz Navi: 95493 Bischofsgr\u00fcn, J\u00e4gerstra\u00dfe<\/p>\n","protected":false},"author":3,"featured_media":0,"comment_status":"closed","ping_status":"closed","template":"","meta":{"ngg_post_thumbnail":0,"footnotes":""},"categories":[],"tags":[],"class_list":["post-8804","event","type-event","status-publish","hentry"],"_links":{"self":[{"href":"https:\/\/www.wanderfreunde-triebeltal.de\/index.php\/wp-json\/wp\/v2\/event\/8804","targetHints":{"allow":["GET"]}}],"collection":[{"href":"https:\/\/www.wanderfreunde-triebeltal.de\/index.php\/wp-json\/wp\/v2\/event"}],"about":[{"href":"https:\/\/www.wanderfreunde-triebeltal.de\/index.php\/wp-json\/wp\/v2\/types\/event"}],"author":[{"embeddable":true,"href":"https:\/\/www.wanderfreunde-triebeltal.de\/index.php\/wp-json\/wp\/v2\/users\/3"}],"replies":[{"embeddable":true,"href":"https:\/\/www.wanderfreunde-triebeltal.de\/index.php\/wp-json\/wp\/v2\/comments?post=8804"}],"version-history":[{"count":2,"href":"https:\/\/www.wanderfreunde-triebeltal.de\/index.php\/wp-json\/wp\/v2\/event\/8804\/revisions"}],"predecessor-version":[{"id":8806,"href":"https:\/\/www.wanderfreunde-triebeltal.de\/index.php\/wp-json\/wp\/v2\/event\/8804\/revisions\/8806"}],"wp:attachment":[{"href":"https:\/\/www.wanderfreunde-triebeltal.de\/index.php\/wp-json\/wp\/v2\/media?parent=8804"}],"wp:term":[{"taxonomy":"category","embeddable":true,"href":"https:\/\/www.wanderfreunde-triebeltal.de\/index.php\/wp-json\/wp\/v2\/categories?post=8804"},{"taxonomy":"post_tag","embeddable":true,"href":"https:\/\/www.wanderfreunde-triebeltal.de\/index.php\/wp-json\/wp\/v2\/tags?post=8804"}],"curies":[{"name":"wp","href":"https:\/\/api.w.org\/{rel}","templated":true}]}}

<p>B43 – „Winterwanderung zur Ochsenkopfschanze“ mit Führung</p>
<p>Treff : Triebel um 12:30 Uhr am Kulturhaus, Bildung von <br />Fahrgemeinschaften, gemeinsame Anfahrt,&nbsp;</p>
<p>Start &#8211; Ort: Tourist-Information <br />95493 Bischofsgrün Jägerstr. 9</p>
<p>Strecke: ca. 4 km</p>
<p>Beginn: 14:00 bis ca. 16:00Uhr</p>
<p>Verantw.: Frieder Heinz </p>
<p>Navi: 95493 Bischofsgrün, Jägerstraße</p>

<p>B43 – „Winterwanderung zur Ochsenkopfschanze“ mit Führung Treff : Triebel um 12:30 Uhr am Kulturhaus, Bildung von Fahrgemeinschaften, gemeinsame Anfahrt,&nbsp; Start &#8211; Ort: Tourist-Information 95493 Bischofsgrün Jägerstr. 9 Strecke: ca. 4 km Beginn: 14:00 bis ca. 16:00Uhr Verantw.: Frieder Heinz Navi: 95493 Bischofsgrün, Jägerstraße</p>
