{"id":5906,"date":"2022-01-16T18:50:41","date_gmt":"2022-01-16T17:50:41","guid":{"rendered":"http:\/\/www.wanderfreunde-triebeltal.de\/?post_type=event&#038;p=5906"},"modified":"2022-04-09T14:40:05","modified_gmt":"2022-04-09T12:40:05","slug":"genusswanderung-3","status":"publish","type":"event","link":"https:\/\/www.wanderfreunde-triebeltal.de\/index.php\/event\/genusswanderung-3\/","title":{"rendered":"Genusswanderung"},"content":{"rendered":"<p>Ziel:&nbsp; Skalna \/ Cz<\/p>\n<p>&nbsp;<\/p>\n<p>Treffpunkt:&nbsp; &nbsp;10.00 Uhr&nbsp; Wanderparkplatz in Sch\u00f6nberg, S\u00e4uerlingsweg am Gro\u00dfen Teich<\/p>\n<p>&nbsp;<\/p>\n<p>Streckenl\u00e4nge:&nbsp; ca. 9 km<\/p>\n<p>&nbsp;<\/p>\n<p>Verantwortlich: Dolores Weck<\/p>\n","protected":false},"excerpt":{"rendered":"<p>Ziel:&nbsp; Skalna \/ Cz &nbsp; Treffpunkt:&nbsp; &nbsp;10.00 Uhr&nbsp; Wanderparkplatz in Sch\u00f6nberg, S\u00e4uerlingsweg am Gro\u00dfen Teich &nbsp; Streckenl\u00e4nge:&nbsp; ca. 9 km &nbsp; Verantwortlich: Dolores Weck<\/p>\n","protected":false},"author":3,"featured_media":0,"comment_status":"closed","ping_status":"closed","template":"","meta":{"ngg_post_thumbnail":0,"footnotes":""},"categories":[],"tags":[],"class_list":["post-5906","event","type-event","status-publish","hentry"],"_links":{"self":[{"href":"https:\/\/www.wanderfreunde-triebeltal.de\/index.php\/wp-json\/wp\/v2\/event\/5906","targetHints":{"allow":["GET"]}}],"collection":[{"href":"https:\/\/www.wanderfreunde-triebeltal.de\/index.php\/wp-json\/wp\/v2\/event"}],"about":[{"href":"https:\/\/www.wanderfreunde-triebeltal.de\/index.php\/wp-json\/wp\/v2\/types\/event"}],"author":[{"embeddable":true,"href":"https:\/\/www.wanderfreunde-triebeltal.de\/index.php\/wp-json\/wp\/v2\/users\/3"}],"replies":[{"embeddable":true,"href":"https:\/\/www.wanderfreunde-triebeltal.de\/index.php\/wp-json\/wp\/v2\/comments?post=5906"}],"version-history":[{"count":3,"href":"https:\/\/www.wanderfreunde-triebeltal.de\/index.php\/wp-json\/wp\/v2\/event\/5906\/revisions"}],"predecessor-version":[{"id":6044,"href":"https:\/\/www.wanderfreunde-triebeltal.de\/index.php\/wp-json\/wp\/v2\/event\/5906\/revisions\/6044"}],"wp:attachment":[{"href":"https:\/\/www.wanderfreunde-triebeltal.de\/index.php\/wp-json\/wp\/v2\/media?parent=5906"}],"wp:term":[{"taxonomy":"category","embeddable":true,"href":"https:\/\/www.wanderfreunde-triebeltal.de\/index.php\/wp-json\/wp\/v2\/categories?post=5906"},{"taxonomy":"post_tag","embeddable":true,"href":"https:\/\/www.wanderfreunde-triebeltal.de\/index.php\/wp-json\/wp\/v2\/tags?post=5906"}],"curies":[{"name":"wp","href":"https:\/\/api.w.org\/{rel}","templated":true}]}}

<p>Ziel:&nbsp; Skalna / Cz</p>
<p>&nbsp;</p>
<p>Treffpunkt:&nbsp; &nbsp;10.00 Uhr&nbsp; Wanderparkplatz in Schönberg, Säuerlingsweg am Großen Teich</p>
<p>&nbsp;</p>
<p>Streckenlänge:&nbsp; ca. 9 km</p>
<p>&nbsp;</p>
<p>Verantwortlich: Dolores Weck</p>

<p>Ziel:&nbsp; Skalna / Cz &nbsp; Treffpunkt:&nbsp; &nbsp;10.00 Uhr&nbsp; Wanderparkplatz in Schönberg, Säuerlingsweg am Großen Teich &nbsp; Streckenlänge:&nbsp; ca. 9 km &nbsp; Verantwortlich: Dolores Weck</p>
