{"id":10395,"date":"2026-04-24T21:23:37","date_gmt":"2026-04-24T19:23:37","guid":{"rendered":"https:\/\/www.wanderfreunde-triebeltal.de\/?post_type=event&#038;p=10395"},"modified":"2026-04-24T21:23:37","modified_gmt":"2026-04-24T19:23:37","slug":"wanderwochenende-mit-uebernachtung-in-der-selbstversorgungshuette-vom-alpenverein-plauen","status":"publish","type":"event","link":"https:\/\/www.wanderfreunde-triebeltal.de\/index.php\/event\/wanderwochenende-mit-uebernachtung-in-der-selbstversorgungshuette-vom-alpenverein-plauen\/","title":{"rendered":"Wanderwochenende mit \u00dcbernachtung in der Selbstversorgungsh\u00fctte vom Alpenverein Plauen"},"content":{"rendered":"<p><span style=\"color: #000000;\">Ziel:<\/span><br \/><span style=\"color: #000000;\">Umgebung von Muldenberg, Sch\u00f6neck und Hammerbr\u00fccke<\/span><\/p>\n<p><span style=\"color: #000000;\">Start:<\/span><br \/><span style=\"color: #000000;\">10.00 Uhr Vogtlandh\u00fctte Sch\u00f6neck<\/span><\/p>\n<p><span style=\"color: #000000;\">Strecken::<\/span><\/p>\n<p><span style=\"color: #000000;\">Fragen zur \u00dcbernachtung und Routenplanung an Katja Hennig Tel.: 0174 \/ 3510810<\/span><\/p>\n<p><span style=\"color: #000000;\">Bitte beachten:<\/span><br \/><span style=\"color: #000000;\">In der H\u00fctte gibt es nur 22 Pl\u00e4tze f\u00fcr die \u00dcbernachtung.&nbsp;<\/span><\/p>\n","protected":false},"excerpt":{"rendered":"<p>Ziel:Umgebung von Muldenberg, Sch\u00f6neck und Hammerbr\u00fccke Start:10.00 Uhr Vogtlandh\u00fctte Sch\u00f6neck Strecken:: Fragen zur \u00dcbernachtung und Routenplanung an Katja Hennig Tel.: 0174 \/ 3510810 Bitte beachten:In der H\u00fctte gibt es nur 22 Pl\u00e4tze f\u00fcr die \u00dcbernachtung.&nbsp;<\/p>\n","protected":false},"author":3,"featured_media":0,"comment_status":"closed","ping_status":"closed","template":"","meta":{"ngg_post_thumbnail":0,"footnotes":""},"categories":[],"tags":[],"class_list":["post-10395","event","type-event","status-publish","hentry"],"_links":{"self":[{"href":"https:\/\/www.wanderfreunde-triebeltal.de\/index.php\/wp-json\/wp\/v2\/event\/10395","targetHints":{"allow":["GET"]}}],"collection":[{"href":"https:\/\/www.wanderfreunde-triebeltal.de\/index.php\/wp-json\/wp\/v2\/event"}],"about":[{"href":"https:\/\/www.wanderfreunde-triebeltal.de\/index.php\/wp-json\/wp\/v2\/types\/event"}],"author":[{"embeddable":true,"href":"https:\/\/www.wanderfreunde-triebeltal.de\/index.php\/wp-json\/wp\/v2\/users\/3"}],"replies":[{"embeddable":true,"href":"https:\/\/www.wanderfreunde-triebeltal.de\/index.php\/wp-json\/wp\/v2\/comments?post=10395"}],"version-history":[{"count":2,"href":"https:\/\/www.wanderfreunde-triebeltal.de\/index.php\/wp-json\/wp\/v2\/event\/10395\/revisions"}],"predecessor-version":[{"id":10397,"href":"https:\/\/www.wanderfreunde-triebeltal.de\/index.php\/wp-json\/wp\/v2\/event\/10395\/revisions\/10397"}],"wp:attachment":[{"href":"https:\/\/www.wanderfreunde-triebeltal.de\/index.php\/wp-json\/wp\/v2\/media?parent=10395"}],"wp:term":[{"taxonomy":"category","embeddable":true,"href":"https:\/\/www.wanderfreunde-triebeltal.de\/index.php\/wp-json\/wp\/v2\/categories?post=10395"},{"taxonomy":"post_tag","embeddable":true,"href":"https:\/\/www.wanderfreunde-triebeltal.de\/index.php\/wp-json\/wp\/v2\/tags?post=10395"}],"curies":[{"name":"wp","href":"https:\/\/api.w.org\/{rel}","templated":true}]}}

Wanderwochenende mit Übernachtung in der Selbstversorgungshütte vom Alpenverein Plauen

<p><span style="color: #000000;">Ziel:</span><br /><span style="color: #000000;">Umgebung von Muldenberg, Schöneck und Hammerbrücke</span></p>
<p><span style="color: #000000;">Start:</span><br /><span style="color: #000000;">10.00 Uhr Vogtlandhütte Schöneck</span></p>
<p><span style="color: #000000;">Strecken::</span></p>
<p><span style="color: #000000;">Fragen zur Übernachtung und Routenplanung an Katja Hennig Tel.: 0174 / 3510810</span></p>
<p><span style="color: #000000;">Bitte beachten:</span><br /><span style="color: #000000;">In der Hütte gibt es nur 22 Plätze für die Übernachtung.&nbsp;</span></p>

<p>Ziel:Umgebung von Muldenberg, Schöneck und Hammerbrücke Start:10.00 Uhr Vogtlandhütte Schöneck Strecken:: Fragen zur Übernachtung und Routenplanung an Katja Hennig Tel.: 0174 / 3510810 Bitte beachten:In der Hütte gibt es nur 22 Plätze für die Übernachtung.&nbsp;</p>
