{"id":10086,"date":"2026-01-05T15:49:18","date_gmt":"2026-01-05T14:49:18","guid":{"rendered":"https:\/\/www.wanderfreunde-triebeltal.de\/?post_type=event&#038;p=10086"},"modified":"2026-04-13T00:58:39","modified_gmt":"2026-04-12T22:58:39","slug":"naturwanderung-zu-den-frauenschuhorchideen","status":"publish","type":"event","link":"https:\/\/www.wanderfreunde-triebeltal.de\/index.php\/event\/naturwanderung-zu-den-frauenschuhorchideen\/","title":{"rendered":"Naturwanderung zu den Frauenschuhorchideen"},"content":{"rendered":"<p><span style=\"color: #000000;\">Ziel: Umgebung von Amberg<\/span><\/p>\n<p><span style=\"color: #000000;\">Treffpunkt: 08.00 Uhr Triebel Kulturhaus, Bildung von Fahrgemeinschaften<\/span><\/p>\n<p><span style=\"color: #000000;\">Start:&nbsp; Parkplatz NSG T\u00fcrkenfelsen bei Amberg<\/span><\/p>\n<p><span style=\"color: #000000;\">Streckenl\u00e4nge: ca. 8 km<\/span><\/p>\n<p><span style=\"color: #0000ff;\">Bitte beachten:<br \/><span style=\"color: #000000;\">F\u00fcr die Reservierung der Pl\u00e4tze in der Gastst\u00e4tte ist bis zum 10.05.2026 eine Anmeldung bei Frieder Heinz Tel. 037434 \/ 81 247 erforderlich.<\/span><br \/><\/span><\/p>\n<p>&nbsp;<\/p>\n<p><span style=\"color: #000000;\">Verantwortlich: Frieder Heinz&nbsp;<\/span><\/p>\n","protected":false},"excerpt":{"rendered":"<p>Ziel: Umgebung von Amberg Treffpunkt: 08.00 Uhr Triebel Kulturhaus, Bildung von Fahrgemeinschaften Start:&nbsp; Parkplatz NSG T\u00fcrkenfelsen bei Amberg Streckenl\u00e4nge: ca. 8 km Bitte beachten:F\u00fcr die Reservierung der Pl\u00e4tze in der Gastst\u00e4tte ist bis zum 10.05.2026 eine Anmeldung bei Frieder Heinz Tel. 037434 \/ 81 247 erforderlich. &nbsp; Verantwortlich: Frieder Heinz&nbsp;<\/p>\n","protected":false},"author":3,"featured_media":0,"comment_status":"closed","ping_status":"closed","template":"","meta":{"ngg_post_thumbnail":0,"footnotes":""},"categories":[],"tags":[],"class_list":["post-10086","event","type-event","status-publish","hentry"],"_links":{"self":[{"href":"https:\/\/www.wanderfreunde-triebeltal.de\/index.php\/wp-json\/wp\/v2\/event\/10086","targetHints":{"allow":["GET"]}}],"collection":[{"href":"https:\/\/www.wanderfreunde-triebeltal.de\/index.php\/wp-json\/wp\/v2\/event"}],"about":[{"href":"https:\/\/www.wanderfreunde-triebeltal.de\/index.php\/wp-json\/wp\/v2\/types\/event"}],"author":[{"embeddable":true,"href":"https:\/\/www.wanderfreunde-triebeltal.de\/index.php\/wp-json\/wp\/v2\/users\/3"}],"replies":[{"embeddable":true,"href":"https:\/\/www.wanderfreunde-triebeltal.de\/index.php\/wp-json\/wp\/v2\/comments?post=10086"}],"version-history":[{"count":2,"href":"https:\/\/www.wanderfreunde-triebeltal.de\/index.php\/wp-json\/wp\/v2\/event\/10086\/revisions"}],"predecessor-version":[{"id":10298,"href":"https:\/\/www.wanderfreunde-triebeltal.de\/index.php\/wp-json\/wp\/v2\/event\/10086\/revisions\/10298"}],"wp:attachment":[{"href":"https:\/\/www.wanderfreunde-triebeltal.de\/index.php\/wp-json\/wp\/v2\/media?parent=10086"}],"wp:term":[{"taxonomy":"category","embeddable":true,"href":"https:\/\/www.wanderfreunde-triebeltal.de\/index.php\/wp-json\/wp\/v2\/categories?post=10086"},{"taxonomy":"post_tag","embeddable":true,"href":"https:\/\/www.wanderfreunde-triebeltal.de\/index.php\/wp-json\/wp\/v2\/tags?post=10086"}],"curies":[{"name":"wp","href":"https:\/\/api.w.org\/{rel}","templated":true}]}}

<p><span style="color: #000000;">Ziel: Umgebung von Amberg</span></p>
<p><span style="color: #000000;">Treffpunkt: 08.00 Uhr Triebel Kulturhaus, Bildung von Fahrgemeinschaften</span></p>
<p><span style="color: #000000;">Start:&nbsp; Parkplatz NSG Türkenfelsen bei Amberg</span></p>
<p><span style="color: #000000;">Streckenlänge: ca. 8 km</span></p>
<p><span style="color: #0000ff;">Bitte beachten:<br /><span style="color: #000000;">Für die Reservierung der Plätze in der Gaststätte ist bis zum 10.05.2026 eine Anmeldung bei Frieder Heinz Tel. 037434 / 81 247 erforderlich.</span><br /></span></p>
<p>&nbsp;</p>
<p><span style="color: #000000;">Verantwortlich: Frieder Heinz&nbsp;</span></p>

<p>Ziel: Umgebung von Amberg Treffpunkt: 08.00 Uhr Triebel Kulturhaus, Bildung von Fahrgemeinschaften Start:&nbsp; Parkplatz NSG Türkenfelsen bei Amberg Streckenlänge: ca. 8 km Bitte beachten:Für die Reservierung der Plätze in der Gaststätte ist bis zum 10.05.2026 eine Anmeldung bei Frieder Heinz Tel. 037434 / 81 247 erforderlich. &nbsp; Verantwortlich: Frieder Heinz&nbsp;</p>
